 and d.
9
Suppose 0 = 5*w + 5*p - 800, 2*p - 5*p + 802 = 5*w. Suppose 118 + 135 = 11*d. Calculate the highest common divisor of w and d.
23
Let x = -6 - -8. Suppose 0 = 3*j + r - 7, -5*r - 15 - 18 = -x*j. Let z be 1 + 30 + 1 + 0. Calculate the highest common factor of z and j.
4
Let q be (0 - 0)*2/2. Let i = q - -4. Suppose 14 + 6 = 5*k. What is the highest common divisor of i and k?
4
Suppose 0*h = -4*h + q + 14, -13 = -5*h - q. Suppose 25 - 403 = -h*n. Suppose 45 = -v + 6*v - 5*b, 0 = -3*b + 15. What is the greatest common factor of v and n?
14
Suppose -3*x = -7*x + 20. Suppose x*m = -r - 237, 4*m + m + 225 = -5*r. Let k be (12/(-24))/(2/m). What is the highest common divisor of 132 and k?
12
Let z be ((-4)/(-2))/10*5. Suppose v + 0*k - 32 = -2*k, -k - z = 0. Calculate the highest common factor of 306 and v.
34
Let m be 10/(-75)*-6*15. What is the greatest common factor of 564 and m?
12
Let m(v) = 31*v**2 - v - 1. Let c be m(3). Suppose -4*h + 3*z - 5*z = -106, -4*z - 13 = -h. Calculate the greatest common divisor of h and c.
25
Suppose -45*g - 104 = -71*g. Calculate the greatest common factor of 86 and g.
2
Suppose -13*k + 64 = -9*k. Suppose -14*l - 26 = -k*l. Calculate the greatest common divisor of l and 104.
13
Let h = 5 + 0. Let w = 97 - 18. Suppose 4*g + w = 2*o - 1, 0 = o - h*g - 28. What is the highest common factor of o and 72?
24
Let j(a) = -3*a + 0*a + 6 - 5*a - a**2 + 3. Let u be j(-7). What is the highest common factor of u and 64?
16
Let j(c) = c**2 - 8*c + 26. Let t be j(12). Suppose 4*v = 2*m + t, -3*v - 3*m = -2*v - 15. Calculate the highest common divisor of 9 and v.
9
Let v = 91 - 101. Let n be 4/10 + (-1)/(v/1326). What is the greatest common factor of 7 and n?
7
Let w(p) = p**2 - 3*p - 4. Let l be w(5). Let f be 7/((-21)/l) - (-5 - 1). Calculate the highest common divisor of f and 44.
4
Suppose 4*n - b = 1239, 0 = -2*n + 12*b - 15*b + 623. What is the greatest common factor of 10 and n?
10
Let f(k) = k**2 - 10*k - 14. Let i be f(12). Let j(u) = -u + 11. Let t be j(i). Let p be 6/(((-4)/(-10))/t). Calculate the highest common factor of p and 15.
15
Let s be 1*3 + (-37 - (-8)/(-2)). Let r = s - -125. What is the greatest common divisor of 29 and r?
29
Let n(t) = -2*t + 10 + 3*t - 6*t + 6*t. Let w be n(0). Suppose -224 = -4*m - 4*g, w = -2*g + 2. What is the greatest common factor of m and 40?
20
Suppose 2*i = o - 12, 4*o - 3*i = 20 + 3. Let a be ((-20)/40)/(o/(-420)). What is the highest common factor of a and 70?
35
Suppose -4*i + 2*u - 1236 = 324, -2*u - 1544 = 4*i. Let b be 18/54 - i/6. What is the highest common factor of b and 26?
13
Suppose -123 = 5*w - 153. What is the greatest common factor of w and 30?
6
Let c(m) = m**3 - 66*m**2 - 66*m - 50. Let v be c(67). Calculate the highest common divisor of v and 629.
17
Let s = 11 + 0. Let i = s + -9. Let o(c) = -c - 3. Let y be o(-7). Calculate the greatest common factor of y and i.
2
Suppose -4*d - 2 - 18 = 0. Let s be 0 + (-128 - 2)/d. What is the highest common divisor of s and 182?
26
Let o = 28 - 17. Let b(i) = -i**3 + 2*i**2 - 9*i - 17. Let f be b(-3). Calculate the greatest common factor of o and f.
11
Let i be 0 + (-10 - (2 + -3)). Let d(k) be the third derivative of -k**4/12 - k**3 - 43*k**2. Let q be d(i). What is the highest common factor of q and 18?
6
Suppose m - 52 = -3*m. Suppose 0 = 2*f - 0*f + 36. Let b be 4/18 - 230/f. What is the highest common divisor of b and m?
13
Suppose -4*z - 2*j = -j + 142, 26 = -z - 5*j. Let i be 10/4*z/(-15). Calculate the greatest common factor of 2 and i.
2
Let x(v) = -v**3 - 18*v**2 - 33*v - 15. Let m be x(-16). Suppose 0*b = b - 4. What is the greatest common factor of m and b?
1
Suppose -n - 4*w + 12 = 0, n + n = -w + 24. Suppose -r = -5*z + 33 - 107, -3*r + 2*z = -170. What is the greatest common factor of n and r?
6
Let s be ((-99)/9)/(-1 - 0). Let l = 12 - s. Let v(w) = -w**3 + 8*w**2 - 6*w. Let x be v(7). Calculate the highest common divisor of x and l.
1
Let l(b) = -4*b**3 - 2*b**2 + 4*b**3 - 2*b - 7*b**3. Let t be l(-1). Let c = 8 + -1. What is the greatest common factor of t and c?
7
Suppose -2*a - 2*t = -14, -2*a = a + t - 11. Let i be (-612)/(-14) - 24/(-84). Suppose -48 = -50*o + i*o. What is the greatest common factor of a and o?
2
Suppose -v = 5*k - 20, 0*k + 2*v - 7 = k. Suppose 2*u - 100 = -k*y, -3*u + 0 + 38 = y. Let r be 9/(-27) + 39/9. What is the highest common factor of y and r?
4
Let y = 73 - 137. Let x be ((-36)/(-16))/((-12)/y). Calculate the highest common divisor of x and 4.
4
Suppose -401 = 4*d - 489. Calculate the greatest common factor of 77 and d.
11
Let k(y) = -5*y**2 - 8*y + 68*y**3 - 139*y**3 - 4 + 70*y**3 + 0. Suppose 31 - 11 = -4*t. Let c be k(t). Calculate the highest common divisor of 24 and c.
12
Let v(d) = 7*d**2 - 16*d - 139. Let t be v(-6). What is the highest common divisor of t and 19?
19
Let k be (-46)/4*((-10 - -11) + -3). Let q = -213 - -397. Calculate the highest common divisor of q and k.
23
Suppose 169 = v - 5*d, 3*d + 0*d - 507 = -3*v. What is the highest common divisor of v and 13?
13
Let y(q) = q**3 + 5*q**2 - 5*q - 3. Let l be y(-6). Let f = l - -12. Suppose -r - f = -5*b - 4, 2*b = 5*r - 51. Calculate the highest common divisor of 1 and r.
1
Let o(j) = 19*j + 1. Let m be o(1). Let r = 370 + -582. Let t be (-1)/(-4) - -3*r/(-16). Calculate the highest common divisor of t and m.
20
Let r(o) = -2*o**2 + 90*o + 883. Let i be r(53). Let d be 4/((-8)/(-30)) + 0. Calculate the highest common factor of i and d.
5
Suppose -r = 1 - 2. Suppose 5 = 2*x - f + r, -4*f = x - 11. Suppose -2*u - i + 45 = x*u, -3*i + 36 = 4*u. Calculate the greatest common factor of u and 45.
9
Suppose 111 = 4*f - 0*f - 3*l, l = -2*f + 53. Calculate the highest common divisor of f and 144.
9
Let i(y) = -2*y**3 - 11*y**2 - 8*y - 10. Let g be i(-5). Suppose 0 = g*w + 85 - 335. What is the greatest common divisor of 75 and w?
25
Suppose 0 = 3*a + 5*i - 540, -347 = 3*a - 5*a + i. Suppose t - 6*t = -350. Calculate the highest common factor of t and a.
35
Suppose -1096 - 236 = -12*n. What is the highest common divisor of 592 and n?
37
Let y be 1174/4 + (-4)/((-24)/3). Calculate the greatest common divisor of 84 and y.
42
Let j(v) = -11*v**3 - 2*v - 1. Let q be j(-2). What is the greatest common factor of 7 and q?
7
Let h be 6/(-4)*76/(-57). Suppose h*y - y = a - 34, -4*a + 140 = -3*y. What is the highest common factor of 2 and a?
2
Let g be 0/(-4) - (1 + 1). Suppose -4*j = 3*v + 845, -j - 4*v + 852 = -5*j. Let n be (-3)/g - j/8. What is the greatest common divisor of n and 14?
14
Let d(b) = -9*b**2 + 59*b - 11. Let u be d(6). Suppose 3*z = -2*q + 462, 2*z = 2*q - 7*q + 319. Calculate the greatest common divisor of z and u.
19
Let p(i) = i**3 - 7*i**2 + 11. Let u be p(7). Let s(n) = -n**2 + 13*n + 2. Let w be s(u). Calculate the greatest common factor of 6 and w.
6
Suppose 4*u = 5*g + 195, 5*u - 221 = g + 28. What is the highest common factor of u and 90?
10
Suppose 5*t = 25, -3*j + t - 1 = -t. Suppose j*r - 16 = -r. What is the highest common divisor of r and 4?
4
Suppose 0 = -2*y + 2, -5*h + 2 = -2*y - 11. Suppose -7*o + 308 = -11*o. Let b = o - -110. Calculate the greatest common factor of b and h.
3
Let y(q) = -q. Suppose 24 = -0*m - 4*m. Let g be y(m). Suppose g*t - 21 = 3*t. What is the highest common factor of 70 and t?
7
Suppose -2*a + 6 = 3*m, -5*a + 2*m + 6 + 9 = 0. Suppose -i + 0*k + 25 = k, 0 = a*i - 2*k - 90. Calculate the greatest common divisor of 28 and i.
28
Suppose 28*k - 19*k - 216 = 0. Let x(c) = c**3 + 9*c**2 - 2*c - 12. Let l be x(-9). What is the highest common divisor of l and k?
6
Suppose -3*b + 30 = 2*a, -3*b - 40 = -7*b + 5*a. What is the greatest common factor of b and 170?
10
Let y be (-1*(-6)/21)/((-1)/(-7)). Suppose -y*k + 4*k = 180. Calculate the highest common factor of k and 60.
30
Let v(q) = 4*q - 9. Let d be v(4). Let c = 17 - d. Calculate the highest common divisor of c and 15.
5
Let q(k) = -83*k + 584. Let u be q(7). Calculate the highest common divisor of 159 and u.
3
Suppose -4*s - 21 = -57. Let g = s - -10. What is the greatest common divisor of 171 and g?
19
Let z = 0 - -3. Let d(h) be the first derivative of 5*h**2/2 + h + 39. Let l be d(z). Calculate the greatest c